v + 80 = 5*i, -45 - 28 = -4*i - 5*v. Let s = 5 - -7. Calculate the greatest common divisor of i and s.
12
Let a be (-7)/(-2)*1000/70. What is the highest common factor of 20 and a?
10
Suppose 0 = 4*f + 84 + 40. Let j = f - 0. Let a = -9 - j. Calculate the highest common divisor of a and 11.
11
Let r = 633 - 433. What is the highest common factor of 25 and r?
25
Suppose 2*n - 3 - 7 = 0. Let b(s) = -s + 8. Let l be b(n). Suppose w + 2 = l*w. What is the greatest common divisor of w and 1?
1
Let f = -8 - -14. Suppose -r - f + 17 = 0. Suppose -18 = -4*c - 3*o, -c + 0*o - 4*o + r = 0. What is the greatest common factor of 2 and c?
1
Let x be 3 + 3 + (-1 - 1). Let g = 1 - -1. Let j be (-261)/(-6) - (-1)/g. What is the greatest common divisor of j and x?
4
Suppose 46 = -2*c + 480. Let s = -63 + c. Calculate the highest common divisor of 14 and s.
14
Suppose 8*c = 19 + 221. What is the highest common factor of 50 and c?
10
Let x be -1 - (-3 + 3/3). Let f be (x + 0)/(3/6). Let q be (-1 + f)*(-10)/(-1). Calculate the highest common factor of 70 and q.
10
Let u(w) = -w**2 + 9*w - 6. Let l be u(7). Let t be (1 - l/6)*-27. Calculate the greatest common factor of 9 and t.
9
Suppose -3*o = 2 - 14. Let d(s) = 17*s + 2. Let k be d(o). Calculate the highest common divisor of k and 14.
14
Let z be -5 - -17 - 6/(-3). Calculate the greatest common factor of z and 7.
7
Suppose -2*x = -3*d - 83, -9 = -2*x + 2*d + 73. Calculate the highest common divisor of 20 and x.
20
Let g(l) = 12*l**2 + 2*l - 1. Let r be g(1). Let q(s) = 2*s. Let p be q(6). Suppose -b + p = -92. What is the highest common divisor of r and b?
13
Let f be (-2 - (-2)/(-4))*-4. Let s = -29 - -119. What is the greatest common factor of s and f?
10
Suppose 5*a + 0*a + 4*u - 47 = 0, -3*u = -9. Let t(r) = 28*r**2 + r + 1. Let n be t(-1). What is the highest common factor of a and n?
7
Let z(q) = q**3 - 11*q**2 + 10*q + 14. Let c be z(10). What is the highest common divisor of 126 and c?
14
Suppose -5*z + 0*k + 355 = -2*k, -z + 78 = k. Let p be 2/6 - z/3. Let s = 2 - p. Calculate the highest common divisor of 65 and s.
13
Let p(r) = -r + 5. Let n be p(0). Let t be 2 + 4/2 + 0. Suppose 0 = -2*h - 0*h - 5*b + 25, 2*b - 26 = -t*h. What is the greatest common factor of h and n?
5
Suppose 0*o - 2*i = 5*o - 50, -5*i = 0. What is the highest common factor of o and 90?
10
Let r(x) = 25*x + 9. Let j(z) = 12*z + 5. Let t(l) = 11*j(l) - 6*r(l). Let u be t(-3). What is the highest common divisor of 22 and u?
11
Let a be (8/6)/((-4)/(-9)). Suppose -a*w = -6*w + 195. What is the greatest common factor of w and 26?
13
Let y(t) = 8*t - 2. Let r(i) = i - 1. Let f(j) = 6*r(j) - y(j). Let g be f(-7). Calculate the highest common divisor of 110 and g.
10
Let h be (93/4)/(2/8). Let k be 1/(h/45 + -2). Let i be -1 + 120 - (-2 + 1). Calculate the highest common factor of k and i.
15
Let y(m) = 4 - 3*m**2 - 2*m**3 + 4*m**3 - m**3. Let z be y(5). Let f(s) = s**3 - 5*s**2 + s - 6. Let n be f(6). What is the highest common factor of n and z?
18
Suppose -2*u + 8 = -2. Let v be (216/u)/(6/20). Calculate the highest common factor of v and 24.
24
Suppose 2*p + 10 = -2*u - 2*u, -u - 2*p - 4 = 0. Let h be (-13 + u)*(-6)/10. Calculate the greatest common divisor of h and 99.
9
Let a be 5/(2/(2*17)). Suppose 3*d - 306 = -6*d. What is the greatest common factor of d and a?
17
Let g(r) = -r + 7. Let h be g(-6). Calculate the highest common divisor of h and 13.
13
Let n be (1/((-1)/(-1))*-3)/(-3). Calculate the greatest common factor of n and 7.
1
Let i be 10/35 - 444/(-14). What is the highest common divisor of 8 and i?
8
Let k(d) = 18*d - 68. Let w be k(6). Calculate the highest common factor of w and 80.
40
Suppose 0*t + 72 = 4*t. Let v(o) = o**3 - 8*o**2 + o - 2. Let a be v(8). What is the highest common divisor of t and a?
6
Let o = -36 + 21. Let l = o + 21. Calculate the highest common factor of 66 and l.
6
Let g be -1*2*(-2 + 0). Suppose -g*j = -j - 33. What is the greatest common factor of 55 and j?
11
Let s be -1 + 0 + 4 - -6. What is the highest common divisor of s and 45?
9
Suppose 4*g - g = -39. Let t = 23 + g. Let n = -2 - -92. Calculate the highest common divisor of t and n.
10
Let j(w) = 23*w - 38. Let m be j(4). What is the highest common divisor of 18 and m?
18
Let x(k) = -k**2 - 26*k - 88. Let m be x(-20). Calculate the greatest common factor of m and 352.
32
Let a(u) = 5*u**2 + 3*u - 5. Let i be a(-4). Let z = -41 + i. Calculate the greatest common divisor of z and 176.
22
Suppose w = v - 4*v + 15, -2*v = w - 12. Suppose -3*h + w - 3 = 0. What is the greatest common factor of h and 11?
1
Let b(j) = 2*j - 4. Let x be b(4). Suppose -5*l + 2*n = -12, n - 1 - 3 = 0. Calculate the greatest common factor of x and l.
4
Suppose -2*q = -6*q - 704. Let w be (q/6)/(-4)*6. Calculate the greatest common factor of 4 and w.
4
Suppose 0 = -10*v - 7*v + 612. What is the greatest common factor of 18 and v?
18
Suppose 0 = -x + 1, 5*y = y + 5*x + 59. Calculate the greatest common divisor of y and 40.
8
Let k be (118/4)/(11/22). Suppose 0 = -3*l + 167 - k. What is the greatest common factor of 6 and l?
6
Suppose 5 + 7 = 2*g. Let b be 51 + (4 - 3)*3. What is the highest common factor of b and g?
6
Let w = -13 + 7. Let a be 0 - -2*(-2)/4. Let l be 2 - (w - (-1 - a)). Calculate the highest common divisor of 64 and l.
8
Let u = -6 + 18. What is the greatest common factor of 108 and u?
12
Let n = -33 + 85. Let c = -11 + 7. Let h be c/(-1)*39/12. Calculate the highest common divisor of n and h.
13
Suppose 61 = -5*y + 306. Let g = 108 - y. Let i = g - 34. Calculate the greatest common factor of 10 and i.
5
Suppose -5*v + 0*v - 50 = 0. Let h = v - -16. Calculate the greatest common factor of h and 3.
3
Suppose 0 = -3*w + 2*j + 58, 2*w = 4*j + 6 + 30. Suppose -b + 34 = -w. Let f be -4*(-6)/28*7. Calculate the highest common factor of b and f.
6
Let k be (6*-3)/(-7 - -5). Suppose 3*f = -k, 4*f = -4*z + f + 567. What is the greatest common factor of 16 and z?
16
Suppose -2 = -5*q + 3. Let p = 33 - 31. Calculate the highest common divisor of p and q.
1
Let j(l) = 11*l - 15. Let a be j(3). Suppose -4*z = -z - 18. What is the highest common divisor of z and a?
6
Let r(g) = -3*g - 46. Let z be r(-18). What is the greatest common divisor of z and 168?
8
Suppose -3*s = -15, 0 = 2*i + i - 5*s + 76. Let t = i - -22. What is the greatest common factor of 55 and t?
5
Let n = 84 + -63. Calculate the highest common divisor of n and 231.
21
Let h(q) = -q**2 + 5*q + 17. Let o be h(7). What is the highest common divisor of 27 and o?
3
Suppose 0 = 4*l - 5*l + 17. What is the highest common divisor of 187 and l?
17
Suppose 4*n - 143 = -47. Let m = -2 - -5. Suppose m*o - n = -6. What is the greatest common factor of 15 and o?
3
Let a = 9 - 2. Let v(b) = 2*b - 10. Let r be v(a). Suppose p = r*p - 273. Calculate the highest common factor of 13 and p.
13
Suppose 3*p - 5*p + 5*b - 25 = 0, -5*b + 25 = 3*p. Suppose k - 8 - 5 = p. What is the highest common factor of k and 130?
13
Let v be 154/8 - (-7)/(-28). Calculate the greatest common factor of 152 and v.
19
Suppose -4*l = -9*l + 2*y + 601, l - 5*y = 134. Calculate the highest common factor of l and 17.
17
Suppose -2 = k - 5. Suppose k*d + 1 - 28 = 3*n, d + n - 9 = 0. Suppose c - 396 = -3*c. Calculate the greatest common factor of c and d.
9
Let u be ((-1950)/(-35))/6 - (-4)/(-14). Let w be -30*(-1)/2*3. What is the highest common factor of w and u?
9
Suppose 9*u - 38 = 7*u. What is the greatest common factor of u and 38?
19
Suppose 0 = 5*b + 13 + 32. Let w = 3 - b. Let m be -2 - (1 + 42)*-2. What is the greatest common divisor of w and m?
12
Suppose 3 = -u + 13. Calculate the greatest common factor of 1 and u.
1
Let c = -48 + 87. Let h = c - -30. Calculate the greatest common factor of 23 and h.
23
Let t = 113 - 57. What is the highest common divisor of t and 8?
8
Let o be (-4)/(-2*(-1)/(-3)). Let v be (-37)/5 - (-2)/5. Let d = 16 + v. Calculate the greatest common factor of d and o.
3
Suppose 0 = -8*f + 3*f + 15. What is the greatest common divisor of f and 24?
3
Suppose -30 = -5*f + 4*f. Suppose 0*y = 3*y - 225. What is the greatest common divisor of f and y?
15
Let h = 108 - 50. Let a = -38 + h. Calculate the highest